{"id":362,"date":"2023-12-28T18:09:47","date_gmt":"2023-12-28T17:09:47","guid":{"rendered":"https:\/\/pixozzy.com\/tpvsolutions\/?page_id=362"},"modified":"2024-04-17T18:54:17","modified_gmt":"2024-04-17T16:54:17","slug":"soporte-y-mantenimiento","status":"publish","type":"page","link":"https:\/\/www.tpvsolutions.com.mx\/portaltpvshtml24\/soporte-y-mantenimiento\/","title":{"rendered":"Soporte y mantenimiento"},"content":{"rendered":"\t\t<div data-elementor-type=\"wp-page\" data-elementor-id=\"362\" class=\"elementor elementor-362\" data-elementor-post-type=\"page\">\n\t\t\t\t\t\t<section class=\"elementor-section elementor-top-section elementor-element elementor-element-69075feb elementor-section-full_width elementor-section-height-default elementor-section-height-default\" data-id=\"69075feb\" data-element_type=\"section\">\n\t\t\t\t\t\t<div class=\"elementor-container elementor-column-gap-no\">\n\t\t\t\t\t<div class=\"elementor-column elementor-col-100 elementor-top-column elementor-element elementor-element-5f707203\" data-id=\"5f707203\" data-element_type=\"column\" data-settings=\"{&quot;background_background&quot;:&quot;classic&quot;}\">\n\t\t\t<div class=\"elementor-widget-wrap elementor-element-populated\">\n\t\t\t\t\t<div class=\"elementor-background-overlay\"><\/div>\n\t\t\t\t\t\t<section class=\"elementor-section elementor-inner-section elementor-element elementor-element-41ca3d77 elementor-section-boxed elementor-section-height-default elementor-section-height-default\" data-id=\"41ca3d77\" data-element_type=\"section\">\n\t\t\t\t\t\t<div class=\"elementor-container elementor-column-gap-no\">\n\t\t\t\t\t<div class=\"elementor-column elementor-col-50 elementor-inner-column elementor-element elementor-element-87d3b94\" data-id=\"87d3b94\" data-element_type=\"column\">\n\t\t\t<div class=\"elementor-widget-wrap elementor-element-populated\">\n\t\t\t\t\t\t<div class=\"elementor-element elementor-element-a6def13 elementor-widget elementor-widget-heading\" data-id=\"a6def13\" data-element_type=\"widget\" data-widget_type=\"heading.default\">\n\t\t\t\t<div class=\"elementor-widget-container\">\n\t\t\t<style>\/*! elementor - v3.21.0 - 08-05-2024 *\/\n.elementor-heading-title{padding:0;margin:0;line-height:1}.elementor-widget-heading .elementor-heading-title[class*=elementor-size-]>a{color:inherit;font-size:inherit;line-height:inherit}.elementor-widget-heading .elementor-heading-title.elementor-size-small{font-size:15px}.elementor-widget-heading .elementor-heading-title.elementor-size-medium{font-size:19px}.elementor-widget-heading .elementor-heading-title.elementor-size-large{font-size:29px}.elementor-widget-heading .elementor-heading-title.elementor-size-xl{font-size:39px}.elementor-widget-heading .elementor-heading-title.elementor-size-xxl{font-size:59px}<\/style><h1 class=\"elementor-heading-title elementor-size-default\">Soporte y Mantenimiento<\/h1>\t\t<\/div>\n\t\t\t\t<\/div>\n\t\t\t\t<div class=\"elementor-element elementor-element-23a4a077 elementor-widget elementor-widget-text-editor\" data-id=\"23a4a077\" data-element_type=\"widget\" data-widget_type=\"text-editor.default\">\n\t\t\t\t<div class=\"elementor-widget-container\">\n\t\t\t<style>\/*! elementor - v3.21.0 - 08-05-2024 *\/\n.elementor-widget-text-editor.elementor-drop-cap-view-stacked .elementor-drop-cap{background-color:#69727d;color:#fff}.elementor-widget-text-editor.elementor-drop-cap-view-framed .elementor-drop-cap{color:#69727d;border:3px solid;background-color:transparent}.elementor-widget-text-editor:not(.elementor-drop-cap-view-default) .elementor-drop-cap{margin-top:8px}.elementor-widget-text-editor:not(.elementor-drop-cap-view-default) .elementor-drop-cap-letter{width:1em;height:1em}.elementor-widget-text-editor .elementor-drop-cap{float:left;text-align:center;line-height:1;font-size:50px}.elementor-widget-text-editor .elementor-drop-cap-letter{display:inline-block}<\/style>\t\t\t\t<p>En <strong>TPV Solutions<\/strong>, tenemos plena conciencia de que el soporte y mantenimiento de sus terminales de punto de venta (TPVs) son pilares fundamentales para garantizar la continuidad y el \u00e9xito sostenido de su negocio en un mercado din\u00e1mico y exigente. Reconocemos que cada minuto de inactividad puede traducirse en p\u00e9rdidas significativas de ingresos y afectar la experiencia del cliente, por lo que nos comprometemos a brindarle un servicio de soporte y mantenimiento excepcionalmente eficaz y orientado a resultados.<\/p><p>Nuestro equipo de expertos t\u00e9cnicos altamente capacitados est\u00e1 disponible para atender cualquier problema que pueda surgir con sus TPVs, ya sea una falla en el hardware, un problema de conectividad o una cuesti\u00f3n relacionada con el software. Nos enorgullece nuestra capacidad para diagnosticar y resolver r\u00e1pidamente cualquier inconveniente, minimizando as\u00ed el tiempo de inactividad y asegurando que su negocio pueda seguir funcionando sin contratiempos.<\/p>\t\t\t\t\t\t<\/div>\n\t\t\t\t<\/div>\n\t\t\t\t<div class=\"elementor-element elementor-element-6ef89da2 elementor-widget-divider--view-line elementor-widget elementor-widget-divider\" data-id=\"6ef89da2\" data-element_type=\"widget\" data-widget_type=\"divider.default\">\n\t\t\t\t<div class=\"elementor-widget-container\">\n\t\t\t<style>\/*! elementor - v3.21.0 - 08-05-2024 *\/\n.elementor-widget-divider{--divider-border-style:none;--divider-border-width:1px;--divider-color:#0c0d0e;--divider-icon-size:20px;--divider-element-spacing:10px;--divider-pattern-height:24px;--divider-pattern-size:20px;--divider-pattern-url:none;--divider-pattern-repeat:repeat-x}.elementor-widget-divider .elementor-divider{display:flex}.elementor-widget-divider .elementor-divider__text{font-size:15px;line-height:1;max-width:95%}.elementor-widget-divider .elementor-divider__element{margin:0 var(--divider-element-spacing);flex-shrink:0}.elementor-widget-divider .elementor-icon{font-size:var(--divider-icon-size)}.elementor-widget-divider .elementor-divider-separator{display:flex;margin:0;direction:ltr}.elementor-widget-divider--view-line_icon .elementor-divider-separator,.elementor-widget-divider--view-line_text .elementor-divider-separator{align-items:center}.elementor-widget-divider--view-line_icon .elementor-divider-separator:after,.elementor-widget-divider--view-line_icon .elementor-divider-separator:before,.elementor-widget-divider--view-line_text .elementor-divider-separator:after,.elementor-widget-divider--view-line_text .elementor-divider-separator:before{display:block;content:\"\";border-block-end:0;flex-grow:1;border-block-start:var(--divider-border-width) var(--divider-border-style) var(--divider-color)}.elementor-widget-divider--element-align-left .elementor-divider .elementor-divider-separator>.elementor-divider__svg:first-of-type{flex-grow:0;flex-shrink:100}.elementor-widget-divider--element-align-left .elementor-divider-separator:before{content:none}.elementor-widget-divider--element-align-left .elementor-divider__element{margin-left:0}.elementor-widget-divider--element-align-right .elementor-divider .elementor-divider-separator>.elementor-divider__svg:last-of-type{flex-grow:0;flex-shrink:100}.elementor-widget-divider--element-align-right .elementor-divider-separator:after{content:none}.elementor-widget-divider--element-align-right .elementor-divider__element{margin-right:0}.elementor-widget-divider--element-align-start .elementor-divider .elementor-divider-separator>.elementor-divider__svg:first-of-type{flex-grow:0;flex-shrink:100}.elementor-widget-divider--element-align-start .elementor-divider-separator:before{content:none}.elementor-widget-divider--element-align-start .elementor-divider__element{margin-inline-start:0}.elementor-widget-divider--element-align-end .elementor-divider .elementor-divider-separator>.elementor-divider__svg:last-of-type{flex-grow:0;flex-shrink:100}.elementor-widget-divider--element-align-end .elementor-divider-separator:after{content:none}.elementor-widget-divider--element-align-end .elementor-divider__element{margin-inline-end:0}.elementor-widget-divider:not(.elementor-widget-divider--view-line_text):not(.elementor-widget-divider--view-line_icon) .elementor-divider-separator{border-block-start:var(--divider-border-width) var(--divider-border-style) var(--divider-color)}.elementor-widget-divider--separator-type-pattern{--divider-border-style:none}.elementor-widget-divider--separator-type-pattern.elementor-widget-divider--view-line .elementor-divider-separator,.elementor-widget-divider--separator-type-pattern:not(.elementor-widget-divider--view-line) .elementor-divider-separator:after,.elementor-widget-divider--separator-type-pattern:not(.elementor-widget-divider--view-line) .elementor-divider-separator:before,.elementor-widget-divider--separator-type-pattern:not([class*=elementor-widget-divider--view]) .elementor-divider-separator{width:100%;min-height:var(--divider-pattern-height);-webkit-mask-size:var(--divider-pattern-size) 100%;mask-size:var(--divider-pattern-size) 100%;-webkit-mask-repeat:var(--divider-pattern-repeat);mask-repeat:var(--divider-pattern-repeat);background-color:var(--divider-color);-webkit-mask-image:var(--divider-pattern-url);mask-image:var(--divider-pattern-url)}.elementor-widget-divider--no-spacing{--divider-pattern-size:auto}.elementor-widget-divider--bg-round{--divider-pattern-repeat:round}.rtl .elementor-widget-divider .elementor-divider__text{direction:rtl}.e-con-inner>.elementor-widget-divider,.e-con>.elementor-widget-divider{width:var(--container-widget-width,100%);--flex-grow:var(--container-widget-flex-grow)}<\/style>\t\t<div class=\"elementor-divider\">\n\t\t\t<span class=\"elementor-divider-separator\">\n\t\t\t\t\t\t<\/span>\n\t\t<\/div>\n\t\t\t\t<\/div>\n\t\t\t\t<\/div>\n\t\t\t\t\t<\/div>\n\t\t<\/div>\n\t\t\t\t<div class=\"elementor-column elementor-col-50 elementor-inner-column elementor-element elementor-element-14cbeb9d\" data-id=\"14cbeb9d\" data-element_type=\"column\">\n\t\t\t<div class=\"elementor-widget-wrap elementor-element-populated\">\n\t\t\t\t\t\t<div class=\"elementor-element elementor-element-b87189d elementor-widget__width-initial elementor-absolute elementor-widget-mobile__width-initial elementor-widget elementor-widget-image\" data-id=\"b87189d\" data-element_type=\"widget\" data-settings=\"{&quot;_position&quot;:&quot;absolute&quot;}\" data-widget_type=\"image.default\">\n\t\t\t\t<div class=\"elementor-widget-container\">\n\t\t\t<style>\/*! elementor - v3.21.0 - 08-05-2024 *\/\n.elementor-widget-image{text-align:center}.elementor-widget-image a{display:inline-block}.elementor-widget-image a img[src$=\".svg\"]{width:48px}.elementor-widget-image img{vertical-align:middle;display:inline-block}<\/style>\t\t\t\t\t\t\t\t\t\t<img fetchpriority=\"high\" decoding=\"async\" width=\"1012\" height=\"462\" src=\"https:\/\/www.tpvsolutions.com.mx\/portaltpvshtml24\/wp-content\/uploads\/2023\/12\/chart-transaction-green-2.png\" class=\"attachment-full size-full wp-image-33\" alt=\"\" srcset=\"https:\/\/www.tpvsolutions.com.mx\/portaltpvshtml24\/wp-content\/uploads\/2023\/12\/chart-transaction-green-2.png 1012w, https:\/\/www.tpvsolutions.com.mx\/portaltpvshtml24\/wp-content\/uploads\/2023\/12\/chart-transaction-green-2-300x137.png 300w, https:\/\/www.tpvsolutions.com.mx\/portaltpvshtml24\/wp-content\/uploads\/2023\/12\/chart-transaction-green-2-768x351.png 768w\" sizes=\"(max-width: 1012px) 100vw, 1012px\" \/>\t\t\t\t\t\t\t\t\t\t\t\t\t<\/div>\n\t\t\t\t<\/div>\n\t\t\t\t<div class=\"elementor-element elementor-element-3fcd343e elementor-widget elementor-widget-image\" data-id=\"3fcd343e\" data-element_type=\"widget\" data-widget_type=\"image.default\">\n\t\t\t\t<div class=\"elementor-widget-container\">\n\t\t\t\t\t\t\t\t\t\t\t\t\t<img decoding=\"async\" width=\"1920\" height=\"1281\" src=\"https:\/\/www.tpvsolutions.com.mx\/portaltpvshtml24\/wp-content\/uploads\/2023\/12\/paying-with-smart-phone-at-the-cafe-2021-09-02-08-50-45-utc-2.jpg\" class=\"attachment-full size-full wp-image-55\" alt=\"\" srcset=\"https:\/\/www.tpvsolutions.com.mx\/portaltpvshtml24\/wp-content\/uploads\/2023\/12\/paying-with-smart-phone-at-the-cafe-2021-09-02-08-50-45-utc-2.jpg 1920w, https:\/\/www.tpvsolutions.com.mx\/portaltpvshtml24\/wp-content\/uploads\/2023\/12\/paying-with-smart-phone-at-the-cafe-2021-09-02-08-50-45-utc-2-300x200.jpg 300w, https:\/\/www.tpvsolutions.com.mx\/portaltpvshtml24\/wp-content\/uploads\/2023\/12\/paying-with-smart-phone-at-the-cafe-2021-09-02-08-50-45-utc-2-1024x683.jpg 1024w, https:\/\/www.tpvsolutions.com.mx\/portaltpvshtml24\/wp-content\/uploads\/2023\/12\/paying-with-smart-phone-at-the-cafe-2021-09-02-08-50-45-utc-2-768x512.jpg 768w, https:\/\/www.tpvsolutions.com.mx\/portaltpvshtml24\/wp-content\/uploads\/2023\/12\/paying-with-smart-phone-at-the-cafe-2021-09-02-08-50-45-utc-2-1536x1025.jpg 1536w\" sizes=\"(max-width: 1920px) 100vw, 1920px\" \/>\t\t\t\t\t\t\t\t\t\t\t\t\t<\/div>\n\t\t\t\t<\/div>\n\t\t\t\t\t<\/div>\n\t\t<\/div>\n\t\t\t\t\t<\/div>\n\t\t<\/section>\n\t\t\t\t\t<\/div>\n\t\t<\/div>\n\t\t\t\t\t<\/div>\n\t\t<\/section>\n\t\t\t\t<section class=\"elementor-section elementor-top-section elementor-element elementor-element-2b22b852 elementor-section-boxed elementor-section-height-default elementor-section-height-default\" data-id=\"2b22b852\" data-element_type=\"section\">\n\t\t\t\t\t\t<div class=\"elementor-container elementor-column-gap-no\">\n\t\t\t\t\t<div class=\"elementor-column elementor-col-100 elementor-top-column elementor-element elementor-element-fc3b768\" data-id=\"fc3b768\" data-element_type=\"column\">\n\t\t\t<div class=\"elementor-widget-wrap elementor-element-populated\">\n\t\t\t\t\t\t<div class=\"elementor-element elementor-element-5af2e4c3 elementor-widget__width-initial elementor-widget elementor-widget-heading\" data-id=\"5af2e4c3\" data-element_type=\"widget\" data-widget_type=\"heading.default\">\n\t\t\t\t<div class=\"elementor-widget-container\">\n\t\t\t<h2 class=\"elementor-heading-title elementor-size-default\">Experiencia Excepcional con Soporte de TPVs<\/h2>\t\t<\/div>\n\t\t\t\t<\/div>\n\t\t\t\t<div class=\"elementor-element elementor-element-7207b42 elementor-widget__width-initial elementor-widget elementor-widget-text-editor\" data-id=\"7207b42\" data-element_type=\"widget\" data-widget_type=\"text-editor.default\">\n\t\t\t\t<div class=\"elementor-widget-container\">\n\t\t\t\t\t\t\t<p>Pero nuestro compromiso no se detiene ah\u00ed. Adem\u00e1s de abordar las dificultades t\u00e9cnicas, tambi\u00e9n nos esforzamos por mejorar continuamente la eficiencia y la rentabilidad de su negocio a trav\u00e9s de nuestro servicio de soporte y mantenimiento. Trabajamos en estrecha colaboraci\u00f3n con usted para identificar \u00e1reas de oportunidad y optimizaci\u00f3n en su sistema de punto de venta, implementando mejoras proactivas que aumenten la productividad, reduzcan los costos operativos y mejoren la experiencia general del cliente.<\/p>\t\t\t\t\t\t<\/div>\n\t\t\t\t<\/div>\n\t\t\t\t\t<\/div>\n\t\t<\/div>\n\t\t\t\t\t<\/div>\n\t\t<\/section>\n\t\t\t\t<section class=\"elementor-section elementor-top-section elementor-element elementor-element-6f05d4da elementor-section-boxed elementor-section-height-default elementor-section-height-default\" data-id=\"6f05d4da\" data-element_type=\"section\">\n\t\t\t\t\t\t<div class=\"elementor-container elementor-column-gap-no\">\n\t\t\t\t\t<div class=\"elementor-column elementor-col-50 elementor-top-column elementor-element elementor-element-526a51d1 elementor-invisible\" data-id=\"526a51d1\" data-element_type=\"column\" data-settings=\"{&quot;animation&quot;:&quot;fadeInLeft&quot;}\">\n\t\t\t<div class=\"elementor-widget-wrap elementor-element-populated\">\n\t\t\t\t\t\t<div class=\"elementor-element elementor-element-7a516fac elementor-widget elementor-widget-text-editor\" data-id=\"7a516fac\" data-element_type=\"widget\" data-widget_type=\"text-editor.default\">\n\t\t\t\t<div class=\"elementor-widget-container\">\n\t\t\t\t\t\t\t<ul>\n<li>\n<p><strong>Respuestas R\u00e1pidas y Efectivas:<\/strong> Con tiempos de respuesta l\u00edderes en la industria, nos aseguramos de que cualquier problema con su TPV se resuelva r\u00e1pidamente, minimizando el tiempo de inactividad y la p\u00e9rdida de ingresos.<\/p>\n<\/li>\n<li>\n<p><strong>Mantenimiento Preventivo:<\/strong> Vamos m\u00e1s all\u00e1 de la simple resoluci\u00f3n de problemas. Nuestro enfoque proactivo en el mantenimiento preventivo significa que los problemas se identifican y resuelven antes de que afecten su negocio.<\/p>\n<\/li>\n<li>\n<p><strong>Actualizaciones Constantes:<\/strong> Nos aseguramos de que su sistema est\u00e9 siempre actualizado con las \u00faltimas caracter\u00edsticas y mejoras, lo que le permite ofrecer una experiencia de usuario superior y mantenerse a la vanguardia de la tecnolog\u00eda.<\/p>\n<\/li>\n<\/ul>\t\t\t\t\t\t<\/div>\n\t\t\t\t<\/div>\n\t\t\t\t\t<\/div>\n\t\t<\/div>\n\t\t\t\t<div class=\"elementor-column elementor-col-50 elementor-top-column elementor-element elementor-element-1896f01a elementor-invisible\" data-id=\"1896f01a\" data-element_type=\"column\" data-settings=\"{&quot;animation&quot;:&quot;fadeInRight&quot;}\">\n\t\t\t<div class=\"elementor-widget-wrap elementor-element-populated\">\n\t\t\t\t\t\t<div class=\"elementor-element elementor-element-465d5c15 elementor-widget__width-initial elementor-absolute elementor-widget-mobile__width-initial elementor-widget elementor-widget-image\" data-id=\"465d5c15\" data-element_type=\"widget\" data-settings=\"{&quot;_position&quot;:&quot;absolute&quot;}\" data-widget_type=\"image.default\">\n\t\t\t\t<div class=\"elementor-widget-container\">\n\t\t\t\t\t\t\t\t\t\t\t\t\t<img decoding=\"async\" width=\"716\" height=\"798\" src=\"https:\/\/www.tpvsolutions.com.mx\/portaltpvshtml24\/wp-content\/uploads\/2023\/12\/revenue-2.png\" class=\"attachment-full size-full wp-image-16\" alt=\"\" srcset=\"https:\/\/www.tpvsolutions.com.mx\/portaltpvshtml24\/wp-content\/uploads\/2023\/12\/revenue-2.png 716w, https:\/\/www.tpvsolutions.com.mx\/portaltpvshtml24\/wp-content\/uploads\/2023\/12\/revenue-2-269x300.png 269w\" sizes=\"(max-width: 716px) 100vw, 716px\" \/>\t\t\t\t\t\t\t\t\t\t\t\t\t<\/div>\n\t\t\t\t<\/div>\n\t\t\t\t<div class=\"elementor-element elementor-element-1edfa063 elementor-widget elementor-widget-image\" data-id=\"1edfa063\" data-element_type=\"widget\" data-widget_type=\"image.default\">\n\t\t\t\t<div class=\"elementor-widget-container\">\n\t\t\t\t\t\t\t\t\t\t\t\t\t<img loading=\"lazy\" decoding=\"async\" width=\"1920\" height=\"1280\" src=\"https:\/\/www.tpvsolutions.com.mx\/portaltpvshtml24\/wp-content\/uploads\/2023\/12\/cashier-using-cash-register-in-cafe-1-2.jpg\" class=\"attachment-full size-full wp-image-54\" alt=\"\" srcset=\"https:\/\/www.tpvsolutions.com.mx\/portaltpvshtml24\/wp-content\/uploads\/2023\/12\/cashier-using-cash-register-in-cafe-1-2.jpg 1920w, https:\/\/www.tpvsolutions.com.mx\/portaltpvshtml24\/wp-content\/uploads\/2023\/12\/cashier-using-cash-register-in-cafe-1-2-300x200.jpg 300w, https:\/\/www.tpvsolutions.com.mx\/portaltpvshtml24\/wp-content\/uploads\/2023\/12\/cashier-using-cash-register-in-cafe-1-2-1024x683.jpg 1024w, https:\/\/www.tpvsolutions.com.mx\/portaltpvshtml24\/wp-content\/uploads\/2023\/12\/cashier-using-cash-register-in-cafe-1-2-768x512.jpg 768w, https:\/\/www.tpvsolutions.com.mx\/portaltpvshtml24\/wp-content\/uploads\/2023\/12\/cashier-using-cash-register-in-cafe-1-2-1536x1024.jpg 1536w\" sizes=\"(max-width: 1920px) 100vw, 1920px\" \/>\t\t\t\t\t\t\t\t\t\t\t\t\t<\/div>\n\t\t\t\t<\/div>\n\t\t\t\t\t<\/div>\n\t\t<\/div>\n\t\t\t\t\t<\/div>\n\t\t<\/section>\n\t\t<div class=\"elementor-element elementor-element-f48b057 e-flex e-con-boxed e-con e-parent\" data-id=\"f48b057\" data-element_type=\"container\">\n\t\t\t\t\t<div class=\"e-con-inner\">\n\t\t<div class=\"elementor-element elementor-element-774825d e-con-full e-flex elementor-invisible e-con e-child\" data-id=\"774825d\" data-element_type=\"container\" data-settings=\"{&quot;animation&quot;:&quot;fadeInLeft&quot;}\">\n\t\t\t\t<div class=\"elementor-element elementor-element-9881ab8 jkit-equal-height-enable elementor-widget elementor-widget-jkit_icon_box\" data-id=\"9881ab8\" data-element_type=\"widget\" data-widget_type=\"jkit_icon_box.default\">\n\t\t\t\t<div class=\"elementor-widget-container\">\n\t\t\t<div  class=\"jeg-elementor-kit jkit-icon-box icon-position-top elementor-animation- jeg_module___69d03b2149960\" ><div class=\"jkit-icon-box-wrapper hover-from-left\"><div class=\"icon-box icon-box-header elementor-animation-\"><div class=\"icon style-color\"><i aria-hidden=\"true\" class=\"jki jki-settings1-light\"><\/i><\/div><\/div><div class=\"icon-box icon-box-body\">\n                <h2 class=\"title\">Seguridad Garantizada<\/h2><p class=\"icon-box-description\">Con un enfoque en la seguridad, garantizamos que sus sistemas y datos est\u00e9n protegidos contra amenazas, asegurando la confidencialidad y la integridad de la informaci\u00f3n de sus clientes.<\/p>\n            <\/div>\n            \n            <\/div><\/div>\t\t<\/div>\n\t\t\t\t<\/div>\n\t\t\t\t<\/div>\n\t\t<div class=\"elementor-element elementor-element-5a3dc5b e-con-full e-flex elementor-invisible e-con e-child\" data-id=\"5a3dc5b\" data-element_type=\"container\" data-settings=\"{&quot;animation&quot;:&quot;fadeInUp&quot;}\">\n\t\t\t\t<div class=\"elementor-element elementor-element-934b3f1 jkit-equal-height-enable elementor-widget elementor-widget-jkit_icon_box\" data-id=\"934b3f1\" data-element_type=\"widget\" data-widget_type=\"jkit_icon_box.default\">\n\t\t\t\t<div class=\"elementor-widget-container\">\n\t\t\t<div  class=\"jeg-elementor-kit jkit-icon-box icon-position- elementor-animation- jeg_module__1_69d03b214a4b6\" ><div class=\"jkit-icon-box-wrapper hover-from-left\"><div class=\"icon-box icon-box-header elementor-animation-\"><div class=\"icon style-color\"><i aria-hidden=\"true\" class=\"jki jki-users-line\"><\/i><\/div><\/div><div class=\"icon-box icon-box-body\">\n                <h2 class=\"title\">Personalizaci\u00f3n Seg\u00fan Necesidades<\/h2><p class=\"icon-box-description\">Entendemos que cada negocio es \u00fanico. Ofrecemos soluciones personalizadas que se adaptan espec\u00edficamente a las necesidades de su empresa.<\/p>\n            <\/div>\n            \n            <\/div><\/div>\t\t<\/div>\n\t\t\t\t<\/div>\n\t\t\t\t<\/div>\n\t\t<div class=\"elementor-element elementor-element-82c78a3 e-con-full e-flex elementor-invisible e-con e-child\" data-id=\"82c78a3\" data-element_type=\"container\" data-settings=\"{&quot;animation&quot;:&quot;fadeInRight&quot;}\">\n\t\t\t\t<div class=\"elementor-element elementor-element-08fabad jkit-equal-height-enable elementor-widget elementor-widget-jkit_icon_box\" data-id=\"08fabad\" data-element_type=\"widget\" data-widget_type=\"jkit_icon_box.default\">\n\t\t\t\t<div class=\"elementor-widget-container\">\n\t\t\t<div  class=\"jeg-elementor-kit jkit-icon-box icon-position- elementor-animation- jeg_module__2_69d03b214b040\" ><div class=\"jkit-icon-box-wrapper hover-from-left\"><div class=\"icon-box icon-box-header elementor-animation-\"><div class=\"icon style-color\"><i aria-hidden=\"true\" class=\"jki jki-Design-3-light\"><\/i><\/div><\/div><div class=\"icon-box icon-box-body\">\n                <h2 class=\"title\">Capacitaci\u00f3n y Soporte al Usuario<\/h2><p class=\"icon-box-description\">Proporcionamos formaci\u00f3n integral y recursos de soporte para su equipo, asegurando que puedan utilizar el sistema TPV de manera efectiva y eficiente.<\/p>\n            <\/div>\n            \n            <\/div><\/div>\t\t<\/div>\n\t\t\t\t<\/div>\n\t\t\t\t<\/div>\n\t\t\t\t\t<\/div>\n\t\t\t\t<\/div>\n\t\t<div class=\"elementor-element elementor-element-61dff61 e-flex e-con-boxed e-con e-parent\" data-id=\"61dff61\" data-element_type=\"container\" data-settings=\"{&quot;background_background&quot;:&quot;classic&quot;}\">\n\t\t\t\t\t<div class=\"e-con-inner\">\n\t\t\t\t<div class=\"elementor-element elementor-element-780d189 elementor-view-default elementor-widget elementor-widget-icon\" data-id=\"780d189\" data-element_type=\"widget\" data-widget_type=\"icon.default\">\n\t\t\t\t<div class=\"elementor-widget-container\">\n\t\t\t\t\t<div class=\"elementor-icon-wrapper\">\n\t\t\t<div class=\"elementor-icon\">\n\t\t\t<i aria-hidden=\"true\" class=\"jki jki-history-light\"><\/i>\t\t\t<\/div>\n\t\t<\/div>\n\t\t\t\t<\/div>\n\t\t\t\t<\/div>\n\t\t\t\t<div class=\"elementor-element elementor-element-c05d8a6 elementor-widget elementor-widget-heading\" data-id=\"c05d8a6\" data-element_type=\"widget\" data-widget_type=\"heading.default\">\n\t\t\t\t<div class=\"elementor-widget-container\">\n\t\t\t<h2 class=\"elementor-heading-title elementor-size-default\">Transforme su Negocio con Soporte<br> y Mantenimiento de TPVs de Clase Mundial<\/h2>\t\t<\/div>\n\t\t\t\t<\/div>\n\t\t\t\t<div class=\"elementor-element elementor-element-0867aba elementor-widget elementor-widget-text-editor\" data-id=\"0867aba\" data-element_type=\"widget\" data-widget_type=\"text-editor.default\">\n\t\t\t\t<div class=\"elementor-widget-container\">\n\t\t\t\t\t\t\t<p>Al elegir <b>TPV Solutions<\/b>, no solo est\u00e1 obteniendo un servicio de soporte y mantenimiento; <br \/>est\u00e1 invirtiendo en la tranquilidad y en el futuro de su negocio.<\/p>\n<p>Con nuestro soporte integral, su sistema TPV siempre funcionar\u00e1 <br \/>de manera \u00f3ptima, permiti\u00e9ndole concentrarse en lo que realmente importa: <br \/>hacer crecer su negocio. \u00danase a la multitud de clientes <br \/>satisfechos que han transformado sus operaciones con <b>TPV Solutions<\/b>.<br \/><br \/>\u00a0\u00a1Contacte con nosotros hoy y d\u00e9 el primer paso hacia <br \/>un soporte y mantenimiento de TPVs sin preocupaciones!<\/p>\t\t\t\t\t\t<\/div>\n\t\t\t\t<\/div>\n\t\t\t\t\t<\/div>\n\t\t\t\t<\/div>\n\t\t\t\t<\/div>\n\t\t","protected":false},"excerpt":{"rendered":"<p>Soporte y Mantenimiento En TPV Solutions, tenemos plena conciencia de que el soporte y mantenimiento de sus terminales de punto de venta (TPVs) son pilares fundamentales para garantizar la continuidad y el \u00e9xito sostenido de su negocio en un mercado din\u00e1mico y exigente. Reconocemos que cada minuto de inactividad puede traducirse en p\u00e9rdidas significativas de [&hellip;]<\/p>\n","protected":false},"author":2,"featured_media":0,"parent":0,"menu_order":0,"comment_status":"closed","ping_status":"closed","template":"","meta":{"footnotes":""},"class_list":["post-362","page","type-page","status-publish","hentry"],"_links":{"self":[{"href":"https:\/\/www.tpvsolutions.com.mx\/portaltpvshtml24\/wp-json\/wp\/v2\/pages\/362","targetHints":{"allow":["GET"]}}],"collection":[{"href":"https:\/\/www.tpvsolutions.com.mx\/portaltpvshtml24\/wp-json\/wp\/v2\/pages"}],"about":[{"href":"https:\/\/www.tpvsolutions.com.mx\/portaltpvshtml24\/wp-json\/wp\/v2\/types\/page"}],"author":[{"embeddable":true,"href":"https:\/\/www.tpvsolutions.com.mx\/portaltpvshtml24\/wp-json\/wp\/v2\/users\/2"}],"replies":[{"embeddable":true,"href":"https:\/\/www.tpvsolutions.com.mx\/portaltpvshtml24\/wp-json\/wp\/v2\/comments?post=362"}],"version-history":[{"count":13,"href":"https:\/\/www.tpvsolutions.com.mx\/portaltpvshtml24\/wp-json\/wp\/v2\/pages\/362\/revisions"}],"predecessor-version":[{"id":674,"href":"https:\/\/www.tpvsolutions.com.mx\/portaltpvshtml24\/wp-json\/wp\/v2\/pages\/362\/revisions\/674"}],"wp:attachment":[{"href":"https:\/\/www.tpvsolutions.com.mx\/portaltpvshtml24\/wp-json\/wp\/v2\/media?parent=362"}],"curies":[{"name":"wp","href":"https:\/\/api.w.org\/{rel}","templated":true}]}}